{"id":2585,"date":"2025-02-04T10:25:10","date_gmt":"2025-02-04T09:25:10","guid":{"rendered":"https:\/\/www.fox-spirit.com\/?post_type=product&#038;p=2585"},"modified":"2025-02-14T14:16:37","modified_gmt":"2025-02-14T13:16:37","slug":"mg1-noir","status":"publish","type":"product","link":"https:\/\/www.fox-spirit.com\/?product=mg1-noir","title":{"rendered":"MG1 (Noir)"},"content":{"rendered":"\t\t<div data-elementor-type=\"container\" data-elementor-id=\"2593\" class=\"elementor elementor-2593\" data-elementor-post-type=\"elementor_library\">\n\t\t\t\t<div class=\"elementor-element elementor-element-f075c9b e-con-full e-flex e-con e-parent\" data-id=\"f075c9b\" data-element_type=\"container\" data-e-type=\"container\">\n\t\t<div class=\"elementor-element elementor-element-14e4077 e-con-full e-flex e-con e-child\" data-id=\"14e4077\" data-element_type=\"container\" data-e-type=\"container\">\n\t\t\t\t<div class=\"elementor-element elementor-element-9c769af elementor-widget elementor-widget-heading\" data-id=\"9c769af\" data-element_type=\"widget\" data-e-type=\"widget\" data-widget_type=\"heading.default\">\n\t\t\t\t<div class=\"elementor-widget-container\">\n\t\t\t\t\t<h2 class=\"elementor-heading-title elementor-size-default\">Bo\u00eetier Mini Tour RGB avec un maximum de place<\/h2>\t\t\t\t<\/div>\n\t\t\t\t<\/div>\n\t\t\t\t<div class=\"elementor-element elementor-element-9626083 elementor-widget elementor-widget-text-editor\" data-id=\"9626083\" data-element_type=\"widget\" data-e-type=\"widget\" data-widget_type=\"text-editor.default\">\n\t\t\t\t<div class=\"elementor-widget-container\">\n\t\t\t\t\t\t\t\t\t<p>Le\u00a0<strong>Fox Spirit MG1<\/strong>\u00a0est un superbe\u00a0<strong>bo\u00eetier Mini Tour<\/strong>\u00a0au design remarquable et \u00e0 l&rsquo;efficacit\u00e9 redoutable. Con\u00e7u pour les\u00a0<strong>configurations compactes et performantes<\/strong>, il est\u00a0<strong>parfaitement refroidi\u00a0<\/strong>gr\u00e2ce aux\u00a0<strong>3 ventilateurs inclus<\/strong>\u00a0et dispose de suffisamment de place pour accueillir les meilleurs composants. Si vous souhaitez concevoir un\u00a0<strong>PC puissant et peu encombrant<\/strong>, le\u00a0<strong>bo\u00eetier PC MG1<\/strong>\u00a0de<strong>\u00a0Fox Spirit<\/strong>\u00a0est un choix id\u00e9al.<\/p>\t\t\t\t\t\t\t\t<\/div>\n\t\t\t\t<\/div>\n\t\t\t\t<\/div>\n\t\t<div class=\"elementor-element elementor-element-0c11eb0 e-con-full e-flex e-con e-child\" data-id=\"0c11eb0\" data-element_type=\"container\" data-e-type=\"container\">\n\t\t<div class=\"elementor-element elementor-element-bcf431d e-con-full e-flex e-con e-child\" data-id=\"bcf431d\" data-element_type=\"container\" data-e-type=\"container\">\n\t\t\t\t<div class=\"elementor-element elementor-element-85e8cfb elementor-widget elementor-widget-image\" data-id=\"85e8cfb\" data-element_type=\"widget\" data-e-type=\"widget\" data-widget_type=\"image.default\">\n\t\t\t\t<div class=\"elementor-widget-container\">\n\t\t\t\t\t\t\t\t\t\t\t\t\t\t\t<img fetchpriority=\"high\" decoding=\"async\" width=\"800\" height=\"800\" src=\"https:\/\/www.fox-spirit.com\/wp-content\/uploads\/2025\/02\/MG1_desc.webp\" class=\"attachment-large size-large wp-image-2595\" alt=\"Setup gaming noir avec comme premier plan le devant d&#039;un bo\u00eetier PC \u00e9clair\u00e9\" srcset=\"https:\/\/www.fox-spirit.com\/wp-content\/uploads\/2025\/02\/MG1_desc.webp 1000w, https:\/\/www.fox-spirit.com\/wp-content\/uploads\/2025\/02\/MG1_desc-300x300.webp 300w, https:\/\/www.fox-spirit.com\/wp-content\/uploads\/2025\/02\/MG1_desc-150x150.webp 150w, https:\/\/www.fox-spirit.com\/wp-content\/uploads\/2025\/02\/MG1_desc-768x768.webp 768w, https:\/\/www.fox-spirit.com\/wp-content\/uploads\/2025\/02\/MG1_desc-600x600.webp 600w, https:\/\/www.fox-spirit.com\/wp-content\/uploads\/2025\/02\/MG1_desc-100x100.webp 100w\" sizes=\"(max-width: 800px) 100vw, 800px\" \/>\t\t\t\t\t\t\t\t\t\t\t\t\t\t\t<\/div>\n\t\t\t\t<\/div>\n\t\t\t\t<\/div>\n\t\t<div class=\"elementor-element elementor-element-ddd2c69 e-con-full e-flex e-con e-child\" data-id=\"ddd2c69\" data-element_type=\"container\" data-e-type=\"container\">\n\t\t\t\t<div class=\"elementor-element elementor-element-d3f5cf6 elementor-widget elementor-widget-heading\" data-id=\"d3f5cf6\" data-element_type=\"widget\" data-e-type=\"widget\" data-widget_type=\"heading.default\">\n\t\t\t\t<div class=\"elementor-widget-container\">\n\t\t\t\t\t<h2 class=\"elementor-heading-title elementor-size-default\">Conception remarquable<\/h2>\t\t\t\t<\/div>\n\t\t\t\t<\/div>\n\t\t\t\t<div class=\"elementor-element elementor-element-89251d0 elementor-widget elementor-widget-text-editor\" data-id=\"89251d0\" data-element_type=\"widget\" data-e-type=\"widget\" data-widget_type=\"text-editor.default\">\n\t\t\t\t<div class=\"elementor-widget-container\">\n\t\t\t\t\t\t\t\t\t<p>Le ch\u00e2ssis du <strong>Fox Spirit MG1<\/strong>\u00a0est con\u00e7u en<strong>\u00a0acier \u00e9lectro galvanis\u00e9<\/strong>\u00a0pour une robustesse \u00e0 toute \u00e9preuve. Il int\u00e8gre \u00e9galement une\u00a0<strong>fa\u00e7ade ajour\u00e9e de type Mesh<\/strong>\u00a0et un\u00a0<strong>panneau lat\u00e9ral en verre tremp\u00e9<\/strong>.\u00a0<strong>3 ventilateurs LED ARGB sont fournis<\/strong>\u00a0(2 ventilateurs 140 mm en fa\u00e7ade + 1 ventilateur 120 mm \u00e0 l&rsquo;arri\u00e8re) pour des effets lumineux remarquables et personnalisables. Un\u00a0<strong>espace pour la gestion des c\u00e2bles<\/strong>\u00a0(20 mm) vous permettra en outre de r\u00e9aliser une configuration soign\u00e9e avec un minimum de c\u00e2bles apparents. Enfin, les ports d&rsquo;extension sur le dessus du bo\u00eetier vous permettront de connecter simplement tous vos p\u00e9riph\u00e9riques (casque, cl\u00e9s USB ou disques durs externes). C\u00f4t\u00e9 composants, le\u00a0<strong>MG1\u00a0<\/strong>prend en charge les\u00a0<strong>cartes graphiques jusqu&rsquo;\u00e0 305 mm de longueur<\/strong>, les\u00a0<strong>alimentations jusqu&rsquo;\u00e0 180 mm de profondeur<\/strong>, les\u00a0<strong>ventirads jusqu&rsquo;\u00e0 180 mm de hauteur<\/strong>\u00a0et les\u00a0<strong>syst\u00e8mes de watercooling AIO jusqu&rsquo;\u00e0 280 mm<\/strong>. Sans oublier bien s\u00fbr la\u00a0<strong>compatibilit\u00e9 avec les cartes m\u00e8res compactes Micro ATX et Mini ITX<\/strong>.<\/p>\t\t\t\t\t\t\t\t<\/div>\n\t\t\t\t<\/div>\n\t\t\t\t<\/div>\n\t\t\t\t<\/div>\n\t\t<div class=\"elementor-element elementor-element-9cba2d9 e-con-full e-flex e-con e-child\" data-id=\"9cba2d9\" data-element_type=\"container\" data-e-type=\"container\">\n\t\t<div class=\"elementor-element elementor-element-48979e7 e-con-full e-flex e-con e-child\" data-id=\"48979e7\" data-element_type=\"container\" data-e-type=\"container\">\n\t\t\t\t<div class=\"elementor-element elementor-element-d9753ae elementor-widget elementor-widget-heading\" data-id=\"d9753ae\" data-element_type=\"widget\" data-e-type=\"widget\" data-widget_type=\"heading.default\">\n\t\t\t\t<div class=\"elementor-widget-container\">\n\t\t\t\t\t<h2 class=\"elementor-heading-title elementor-size-default\">Efficacit\u00e9 redoutable<\/h2>\t\t\t\t<\/div>\n\t\t\t\t<\/div>\n\t\t\t\t<div class=\"elementor-element elementor-element-5548618 elementor-widget elementor-widget-text-editor\" data-id=\"5548618\" data-element_type=\"widget\" data-e-type=\"widget\" data-widget_type=\"text-editor.default\">\n\t\t\t\t<div class=\"elementor-widget-container\">\n\t\t\t\t\t\t\t\t\t<p>Le\u00a0<strong>bo\u00eetier PC Fox Spirit MG1 inclut 3 ventilateurs 140 mm et 120 mm<\/strong>\u00a0afin de garantir des performances de refroidissement optimales (2 ventilateurs LED ARGB 140 mm en fa\u00e7ade + 1 ventilateur LED ARGB 120 mm \u00e0 l&rsquo;arri\u00e8re). La<strong>\u00a0fa\u00e7ade Mesh<\/strong>\u00a0permet une\u00a0<strong>excellente circulation du flux d&rsquo;air\u00a0<\/strong>pour une meilleure efficacit\u00e9. Pour les fans de watercooling, le\u00a0<strong>MG1\u00a0<\/strong>est \u00e9quip\u00e9 d&rsquo;<strong>emplacements compatibles avec les syst\u00e8mes de refroidissement Tout-en-un jusqu&rsquo;\u00e0 280 mm<\/strong>.<\/p>\t\t\t\t\t\t\t\t<\/div>\n\t\t\t\t<\/div>\n\t\t\t\t<\/div>\n\t\t<div class=\"elementor-element elementor-element-91d7697 e-con-full e-flex e-con e-child\" data-id=\"91d7697\" data-element_type=\"container\" data-e-type=\"container\">\n\t\t\t\t<div class=\"elementor-element elementor-element-e298a1d elementor-widget elementor-widget-image\" data-id=\"e298a1d\" data-element_type=\"widget\" data-e-type=\"widget\" data-widget_type=\"image.default\">\n\t\t\t\t<div class=\"elementor-widget-container\">\n\t\t\t\t\t\t\t\t\t\t\t\t\t\t\t<img decoding=\"async\" width=\"800\" height=\"800\" src=\"https:\/\/www.fox-spirit.com\/wp-content\/uploads\/2025\/02\/MG1_02.webp\" class=\"attachment-large size-large wp-image-2587\" alt=\"Int\u00e9rieur vide d&#039;un bo\u00eetier PC gaming, vue de face\" srcset=\"https:\/\/www.fox-spirit.com\/wp-content\/uploads\/2025\/02\/MG1_02.webp 1000w, https:\/\/www.fox-spirit.com\/wp-content\/uploads\/2025\/02\/MG1_02-300x300.webp 300w, https:\/\/www.fox-spirit.com\/wp-content\/uploads\/2025\/02\/MG1_02-150x150.webp 150w, https:\/\/www.fox-spirit.com\/wp-content\/uploads\/2025\/02\/MG1_02-768x768.webp 768w, https:\/\/www.fox-spirit.com\/wp-content\/uploads\/2025\/02\/MG1_02-600x600.webp 600w, https:\/\/www.fox-spirit.com\/wp-content\/uploads\/2025\/02\/MG1_02-100x100.webp 100w\" sizes=\"(max-width: 800px) 100vw, 800px\" \/>\t\t\t\t\t\t\t\t\t\t\t\t\t\t\t<\/div>\n\t\t\t\t<\/div>\n\t\t\t\t<\/div>\n\t\t\t\t<\/div>\n\t\t<div class=\"elementor-element elementor-element-c7e884d e-con-full e-flex e-con e-child\" data-id=\"c7e884d\" data-element_type=\"container\" data-e-type=\"container\">\n\t\t<div class=\"elementor-element elementor-element-e940b05 e-con-full e-flex e-con e-child\" data-id=\"e940b05\" data-element_type=\"container\" data-e-type=\"container\">\n\t\t\t\t<div class=\"elementor-element elementor-element-3824a42 elementor-widget elementor-widget-image\" data-id=\"3824a42\" data-element_type=\"widget\" data-e-type=\"widget\" data-widget_type=\"image.default\">\n\t\t\t\t<div class=\"elementor-widget-container\">\n\t\t\t\t\t\t\t\t\t\t\t\t\t\t\t<img decoding=\"async\" width=\"800\" height=\"800\" src=\"https:\/\/www.fox-spirit.com\/wp-content\/uploads\/2025\/02\/MG1_06.webp\" class=\"attachment-large size-large wp-image-2591\" alt=\"Vue d&#039;ensemble d&#039;un setup noir \u00e9clair\u00e9 de couleur rouge gr\u00e2ce aux LED\" srcset=\"https:\/\/www.fox-spirit.com\/wp-content\/uploads\/2025\/02\/MG1_06.webp 1000w, https:\/\/www.fox-spirit.com\/wp-content\/uploads\/2025\/02\/MG1_06-300x300.webp 300w, https:\/\/www.fox-spirit.com\/wp-content\/uploads\/2025\/02\/MG1_06-150x150.webp 150w, https:\/\/www.fox-spirit.com\/wp-content\/uploads\/2025\/02\/MG1_06-768x768.webp 768w, https:\/\/www.fox-spirit.com\/wp-content\/uploads\/2025\/02\/MG1_06-600x600.webp 600w, https:\/\/www.fox-spirit.com\/wp-content\/uploads\/2025\/02\/MG1_06-100x100.webp 100w\" sizes=\"(max-width: 800px) 100vw, 800px\" \/>\t\t\t\t\t\t\t\t\t\t\t\t\t\t\t<\/div>\n\t\t\t\t<\/div>\n\t\t\t\t<\/div>\n\t\t<div class=\"elementor-element elementor-element-4fc3ad3 e-con-full e-flex e-con e-child\" data-id=\"4fc3ad3\" data-element_type=\"container\" data-e-type=\"container\">\n\t\t\t\t<div class=\"elementor-element elementor-element-c2c32d6 elementor-widget elementor-widget-heading\" data-id=\"c2c32d6\" data-element_type=\"widget\" data-e-type=\"widget\" data-widget_type=\"heading.default\">\n\t\t\t\t<div class=\"elementor-widget-container\">\n\t\t\t\t\t<h2 class=\"elementor-heading-title elementor-size-default\">Votre PC, vos choix<\/h2>\t\t\t\t<\/div>\n\t\t\t\t<\/div>\n\t\t\t\t<div class=\"elementor-element elementor-element-e0f0d4d elementor-widget elementor-widget-text-editor\" data-id=\"e0f0d4d\" data-element_type=\"widget\" data-e-type=\"widget\" data-widget_type=\"text-editor.default\">\n\t\t\t\t<div class=\"elementor-widget-container\">\n\t\t\t\t\t\t\t\t\t<ul><li>Bo\u00eetier Mini Tour 221 x 410 x 410 mm (Volume : 37L)<\/li><li>Compatible cartes m\u00e8res Micro ATX et\u00a0Mini ITX<\/li><li>Mat\u00e9riau du ch\u00e2ssis : acier SECC<\/li><li>Panneau lat\u00e9ral en verre tremp\u00e9<\/li><li>Fa\u00e7ade Mesh<\/li><li>Baies pour disque : 3x 2.5&Prime; + 1x 2.5&Prime;\/3.5&Prime; + 1x 3.5&Prime;<\/li><li>Emplacements ventilateurs : 2x 120 ou 140 mm en fa\u00e7ade, 2x 120 ou 140 mm sur le dessus, 1x 120 \u00e0 l&rsquo;arri\u00e8re<\/li><li>3 ventilateurs inclus : 2x 140 mm LED ARGB PWM \u00e0 l&rsquo;avant + 1x 120 mm\u00a0LED ARGB PWM \u00e0 l&rsquo;arri\u00e8re<\/li><li>LEDs RGB compatibles avec les cartes m\u00e8res \u00e9quip\u00e9es d&rsquo;un connecteur ARGB 3 broches (ASUS, MSI Gigabyte&#8230;)<\/li><li>Compatible radiateur AIO jusqu&rsquo;\u00e0 280 mm<\/li><li>Compatible carte graphique jusqu&rsquo;\u00e0 350 mm<\/li><li>Connectique fa\u00e7ade : 1x USB 3.0, 1x USB 3.0 Type-C, 2x jack 3.5 mm<\/li><\/ul>\t\t\t\t\t\t\t\t<\/div>\n\t\t\t\t<\/div>\n\t\t\t\t<\/div>\n\t\t\t\t<\/div>\n\t\t\t\t<\/div>\n\t\t\t\t<\/div>\n\t\t\n","protected":false},"excerpt":{"rendered":"<p>Le Fox Spirit MG1 est un superbe bo\u00eetier Mini Tour au design remarquable et \u00e0 l&rsquo;efficacit\u00e9 redoutable. Con\u00e7u pour les configurations compactes et performantes, il est parfaitement refroidi gr\u00e2ce aux 3 ventilateurs inclus et dispose de suffisamment de place pour accueillir les meilleurs composants.<\/p>\n","protected":false},"featured_media":2586,"template":"","meta":{"_acf_changed":false},"product_brand":[],"product_cat":[29],"product_tag":[],"class_list":{"0":"post-2585","1":"product","2":"type-product","3":"status-publish","4":"has-post-thumbnail","6":"product_cat-boitier-pc","8":"first","9":"instock","10":"shipping-taxable","11":"product-type-simple"},"acf":[],"yoast_head":"<!-- This site is optimized with the Yoast SEO plugin v27.4 - https:\/\/yoast.com\/product\/yoast-seo-wordpress\/ -->\n<title>Fox Spirit - MG1 (Noir)<\/title>\n<meta name=\"description\" content=\"D\u00e9couvrez le bo\u00eetier PC compact MG1 FOX SPIRIT, au design remarquable et \u00e0 l&#039;efficacit\u00e9 redoutable, con\u00e7u pour des configurations compactes et performantes.\" \/>\n<meta name=\"robots\" content=\"index, follow, max-snippet:-1, max-image-preview:large, max-video-preview:-1\" \/>\n<link rel=\"canonical\" href=\"https:\/\/www.fox-spirit.com\/?product=mg1-noir\" \/>\n<meta property=\"og:locale\" content=\"fr_FR\" \/>\n<meta property=\"og:type\" content=\"article\" \/>\n<meta property=\"og:title\" content=\"Fox Spirit - MG1 (Noir)\" \/>\n<meta property=\"og:description\" content=\"D\u00e9couvrez le bo\u00eetier PC compact MG1 FOX SPIRIT, au design remarquable et \u00e0 l&#039;efficacit\u00e9 redoutable, con\u00e7u pour des configurations compactes et performantes.\" \/>\n<meta property=\"og:url\" content=\"https:\/\/www.fox-spirit.com\/?product=mg1-noir\" \/>\n<meta property=\"og:site_name\" content=\"Fox Spirit\" \/>\n<meta property=\"article:modified_time\" content=\"2025-02-14T13:16:37+00:00\" \/>\n<meta property=\"og:image\" content=\"https:\/\/www.fox-spirit.com\/wp-content\/uploads\/2025\/02\/MG1_01.webp\" \/>\n\t<meta property=\"og:image:width\" content=\"1000\" \/>\n\t<meta property=\"og:image:height\" content=\"1000\" \/>\n\t<meta property=\"og:image:type\" content=\"image\/webp\" \/>\n<meta name=\"twitter:card\" content=\"summary_large_image\" \/>\n<meta name=\"twitter:label1\" content=\"Dur\u00e9e de lecture estim\u00e9e\" \/>\n\t<meta name=\"twitter:data1\" content=\"1 minute\" \/>\n<script type=\"application\/ld+json\" class=\"yoast-schema-graph\">{\"@context\":\"https:\\\/\\\/schema.org\",\"@graph\":[{\"@type\":\"WebPage\",\"@id\":\"https:\\\/\\\/www.fox-spirit.com\\\/?product=mg1-noir\",\"url\":\"https:\\\/\\\/www.fox-spirit.com\\\/?product=mg1-noir\",\"name\":\"Fox Spirit - MG1 (Noir)\",\"isPartOf\":{\"@id\":\"https:\\\/\\\/www.fox-spirit.com\\\/#website\"},\"primaryImageOfPage\":{\"@id\":\"https:\\\/\\\/www.fox-spirit.com\\\/?product=mg1-noir#primaryimage\"},\"image\":{\"@id\":\"https:\\\/\\\/www.fox-spirit.com\\\/?product=mg1-noir#primaryimage\"},\"thumbnailUrl\":\"https:\\\/\\\/www.fox-spirit.com\\\/wp-content\\\/uploads\\\/2025\\\/02\\\/MG1_01.webp\",\"datePublished\":\"2025-02-04T09:25:10+00:00\",\"dateModified\":\"2025-02-14T13:16:37+00:00\",\"description\":\"D\u00e9couvrez le bo\u00eetier PC compact MG1 FOX SPIRIT, au design remarquable et \u00e0 l'efficacit\u00e9 redoutable, con\u00e7u pour des configurations compactes et performantes.\",\"breadcrumb\":{\"@id\":\"https:\\\/\\\/www.fox-spirit.com\\\/?product=mg1-noir#breadcrumb\"},\"inLanguage\":\"fr-FR\",\"potentialAction\":[{\"@type\":\"ReadAction\",\"target\":[\"https:\\\/\\\/www.fox-spirit.com\\\/?product=mg1-noir\"]}]},{\"@type\":\"ImageObject\",\"inLanguage\":\"fr-FR\",\"@id\":\"https:\\\/\\\/www.fox-spirit.com\\\/?product=mg1-noir#primaryimage\",\"url\":\"https:\\\/\\\/www.fox-spirit.com\\\/wp-content\\\/uploads\\\/2025\\\/02\\\/MG1_01.webp\",\"contentUrl\":\"https:\\\/\\\/www.fox-spirit.com\\\/wp-content\\\/uploads\\\/2025\\\/02\\\/MG1_01.webp\",\"width\":1000,\"height\":1000,\"caption\":\"Bo\u00eetier PC gaming MG1 FOX SPIRIT\"},{\"@type\":\"BreadcrumbList\",\"@id\":\"https:\\\/\\\/www.fox-spirit.com\\\/?product=mg1-noir#breadcrumb\",\"itemListElement\":[{\"@type\":\"ListItem\",\"position\":1,\"name\":\"Home\",\"item\":\"https:\\\/\\\/www.fox-spirit.com\\\/\"},{\"@type\":\"ListItem\",\"position\":2,\"name\":\"Univers\",\"item\":\"https:\\\/\\\/www.fox-spirit.com\\\/?page_id=1224\"},{\"@type\":\"ListItem\",\"position\":3,\"name\":\"Composants PC\",\"item\":\"https:\\\/\\\/www.fox-spirit.com\\\/?product_cat=composants-pc\"},{\"@type\":\"ListItem\",\"position\":4,\"name\":\"Bo\u00eetier PC\",\"item\":\"https:\\\/\\\/www.fox-spirit.com\\\/?product_cat=boitier-pc\"},{\"@type\":\"ListItem\",\"position\":5,\"name\":\"MG1 (Noir)\"}]},{\"@type\":\"WebSite\",\"@id\":\"https:\\\/\\\/www.fox-spirit.com\\\/#website\",\"url\":\"https:\\\/\\\/www.fox-spirit.com\\\/\",\"name\":\"Fox Spirit\",\"description\":\"JOUEZ. RUSEZ.\",\"publisher\":{\"@id\":\"https:\\\/\\\/www.fox-spirit.com\\\/#organization\"},\"potentialAction\":[{\"@type\":\"SearchAction\",\"target\":{\"@type\":\"EntryPoint\",\"urlTemplate\":\"https:\\\/\\\/www.fox-spirit.com\\\/?s={search_term_string}\"},\"query-input\":{\"@type\":\"PropertyValueSpecification\",\"valueRequired\":true,\"valueName\":\"search_term_string\"}}],\"inLanguage\":\"fr-FR\"},{\"@type\":\"Organization\",\"@id\":\"https:\\\/\\\/www.fox-spirit.com\\\/#organization\",\"name\":\"Groupe LDLC\",\"url\":\"https:\\\/\\\/www.fox-spirit.com\\\/\",\"logo\":{\"@type\":\"ImageObject\",\"inLanguage\":\"fr-FR\",\"@id\":\"https:\\\/\\\/www.fox-spirit.com\\\/#\\\/schema\\\/logo\\\/image\\\/\",\"url\":\"https:\\\/\\\/www.fox-spirit.com\\\/wp-content\\\/uploads\\\/2024\\\/12\\\/logo_FoxSpirit_red.png\",\"contentUrl\":\"https:\\\/\\\/www.fox-spirit.com\\\/wp-content\\\/uploads\\\/2024\\\/12\\\/logo_FoxSpirit_red.png\",\"width\":1600,\"height\":1600,\"caption\":\"Groupe LDLC\"},\"image\":{\"@id\":\"https:\\\/\\\/www.fox-spirit.com\\\/#\\\/schema\\\/logo\\\/image\\\/\"}}]}<\/script>\n<!-- \/ Yoast SEO plugin. -->","yoast_head_json":{"title":"Fox Spirit - MG1 (Noir)","description":"D\u00e9couvrez le bo\u00eetier PC compact MG1 FOX SPIRIT, au design remarquable et \u00e0 l'efficacit\u00e9 redoutable, con\u00e7u pour des configurations compactes et performantes.","robots":{"index":"index","follow":"follow","max-snippet":"max-snippet:-1","max-image-preview":"max-image-preview:large","max-video-preview":"max-video-preview:-1"},"canonical":"https:\/\/www.fox-spirit.com\/?product=mg1-noir","og_locale":"fr_FR","og_type":"article","og_title":"Fox Spirit - MG1 (Noir)","og_description":"D\u00e9couvrez le bo\u00eetier PC compact MG1 FOX SPIRIT, au design remarquable et \u00e0 l'efficacit\u00e9 redoutable, con\u00e7u pour des configurations compactes et performantes.","og_url":"https:\/\/www.fox-spirit.com\/?product=mg1-noir","og_site_name":"Fox Spirit","article_modified_time":"2025-02-14T13:16:37+00:00","og_image":[{"width":1000,"height":1000,"url":"https:\/\/www.fox-spirit.com\/wp-content\/uploads\/2025\/02\/MG1_01.webp","type":"image\/webp"}],"twitter_card":"summary_large_image","twitter_misc":{"Dur\u00e9e de lecture estim\u00e9e":"1 minute"},"schema":{"@context":"https:\/\/schema.org","@graph":[{"@type":"WebPage","@id":"https:\/\/www.fox-spirit.com\/?product=mg1-noir","url":"https:\/\/www.fox-spirit.com\/?product=mg1-noir","name":"Fox Spirit - MG1 (Noir)","isPartOf":{"@id":"https:\/\/www.fox-spirit.com\/#website"},"primaryImageOfPage":{"@id":"https:\/\/www.fox-spirit.com\/?product=mg1-noir#primaryimage"},"image":{"@id":"https:\/\/www.fox-spirit.com\/?product=mg1-noir#primaryimage"},"thumbnailUrl":"https:\/\/www.fox-spirit.com\/wp-content\/uploads\/2025\/02\/MG1_01.webp","datePublished":"2025-02-04T09:25:10+00:00","dateModified":"2025-02-14T13:16:37+00:00","description":"D\u00e9couvrez le bo\u00eetier PC compact MG1 FOX SPIRIT, au design remarquable et \u00e0 l'efficacit\u00e9 redoutable, con\u00e7u pour des configurations compactes et performantes.","breadcrumb":{"@id":"https:\/\/www.fox-spirit.com\/?product=mg1-noir#breadcrumb"},"inLanguage":"fr-FR","potentialAction":[{"@type":"ReadAction","target":["https:\/\/www.fox-spirit.com\/?product=mg1-noir"]}]},{"@type":"ImageObject","inLanguage":"fr-FR","@id":"https:\/\/www.fox-spirit.com\/?product=mg1-noir#primaryimage","url":"https:\/\/www.fox-spirit.com\/wp-content\/uploads\/2025\/02\/MG1_01.webp","contentUrl":"https:\/\/www.fox-spirit.com\/wp-content\/uploads\/2025\/02\/MG1_01.webp","width":1000,"height":1000,"caption":"Bo\u00eetier PC gaming MG1 FOX SPIRIT"},{"@type":"BreadcrumbList","@id":"https:\/\/www.fox-spirit.com\/?product=mg1-noir#breadcrumb","itemListElement":[{"@type":"ListItem","position":1,"name":"Home","item":"https:\/\/www.fox-spirit.com\/"},{"@type":"ListItem","position":2,"name":"Univers","item":"https:\/\/www.fox-spirit.com\/?page_id=1224"},{"@type":"ListItem","position":3,"name":"Composants PC","item":"https:\/\/www.fox-spirit.com\/?product_cat=composants-pc"},{"@type":"ListItem","position":4,"name":"Bo\u00eetier PC","item":"https:\/\/www.fox-spirit.com\/?product_cat=boitier-pc"},{"@type":"ListItem","position":5,"name":"MG1 (Noir)"}]},{"@type":"WebSite","@id":"https:\/\/www.fox-spirit.com\/#website","url":"https:\/\/www.fox-spirit.com\/","name":"Fox Spirit","description":"JOUEZ. RUSEZ.","publisher":{"@id":"https:\/\/www.fox-spirit.com\/#organization"},"potentialAction":[{"@type":"SearchAction","target":{"@type":"EntryPoint","urlTemplate":"https:\/\/www.fox-spirit.com\/?s={search_term_string}"},"query-input":{"@type":"PropertyValueSpecification","valueRequired":true,"valueName":"search_term_string"}}],"inLanguage":"fr-FR"},{"@type":"Organization","@id":"https:\/\/www.fox-spirit.com\/#organization","name":"Groupe LDLC","url":"https:\/\/www.fox-spirit.com\/","logo":{"@type":"ImageObject","inLanguage":"fr-FR","@id":"https:\/\/www.fox-spirit.com\/#\/schema\/logo\/image\/","url":"https:\/\/www.fox-spirit.com\/wp-content\/uploads\/2024\/12\/logo_FoxSpirit_red.png","contentUrl":"https:\/\/www.fox-spirit.com\/wp-content\/uploads\/2024\/12\/logo_FoxSpirit_red.png","width":1600,"height":1600,"caption":"Groupe LDLC"},"image":{"@id":"https:\/\/www.fox-spirit.com\/#\/schema\/logo\/image\/"}}]}},"_links":{"self":[{"href":"https:\/\/www.fox-spirit.com\/index.php?rest_route=\/wp\/v2\/product\/2585","targetHints":{"allow":["GET"]}}],"collection":[{"href":"https:\/\/www.fox-spirit.com\/index.php?rest_route=\/wp\/v2\/product"}],"about":[{"href":"https:\/\/www.fox-spirit.com\/index.php?rest_route=\/wp\/v2\/types\/product"}],"version-history":[{"count":4,"href":"https:\/\/www.fox-spirit.com\/index.php?rest_route=\/wp\/v2\/product\/2585\/revisions"}],"predecessor-version":[{"id":3679,"href":"https:\/\/www.fox-spirit.com\/index.php?rest_route=\/wp\/v2\/product\/2585\/revisions\/3679"}],"wp:featuredmedia":[{"embeddable":true,"href":"https:\/\/www.fox-spirit.com\/index.php?rest_route=\/wp\/v2\/media\/2586"}],"wp:attachment":[{"href":"https:\/\/www.fox-spirit.com\/index.php?rest_route=%2Fwp%2Fv2%2Fmedia&parent=2585"}],"wp:term":[{"taxonomy":"product_brand","embeddable":true,"href":"https:\/\/www.fox-spirit.com\/index.php?rest_route=%2Fwp%2Fv2%2Fproduct_brand&post=2585"},{"taxonomy":"product_cat","embeddable":true,"href":"https:\/\/www.fox-spirit.com\/index.php?rest_route=%2Fwp%2Fv2%2Fproduct_cat&post=2585"},{"taxonomy":"product_tag","embeddable":true,"href":"https:\/\/www.fox-spirit.com\/index.php?rest_route=%2Fwp%2Fv2%2Fproduct_tag&post=2585"}],"curies":[{"name":"wp","href":"https:\/\/api.w.org\/{rel}","templated":true}]}}